 - 14. What is i(-6)?
28
Let t(r) = -19*r - 126. Determine t(-7).
7
Let q(s) = -s**2 - 57*s - 349. What is q(-50)?
1
Let p(s) = -7*s - 64. Calculate p(-10).
6
Let o(v) = -4*v**3 - v**2 + 3*v - 2. Give o(1).
-4
Let z(o) = -o**2 + 5*o + 33. Determine z(8).
9
Let j(i) = -6*i + 4. Determine j(6).
-32
Let f(p) = 2*p**3 + 4*p**2 - 4*p + 13. Calculate f(-3).
7
Let z(n) = 4*n**3 - 6*n**2 - 6*n + 8. What is z(2)?
4
Let t(b) = 5*b - 3. Give t(-3).
-18
Let p(d) = -d - 11. Give p(-16).
5
Let q(j) = j**3 + 21*j**2 - j - 42. What is q(-21)?
-21
Let r(q) = 2*q**2 - 5. Calculate r(4).
27
Let d(j) = -5*j - 93. Calculate d(-20).
7
Let x(b) = 4*b + 105. Determine x(-21).
21
Let p(h) = -2*h - 50. Calculate p(-14).
-22
Let g(a) = a**3 - 17*a**2 + 17*a - 35. Give g(16).
-19
Let c(u) = u**2 + 12*u + 23. Calculate c(-10).
3
Let u(i) = i**2 + 5*i - 4. Calculate u(-5).
-4
Let a(c) = c**2 + 14*c + 17. Give a(-13).
4
Let k(a) = a**3 - 6*a**2 - 3*a + 6. Calculate k(6).
-12
Let n(z) = -29*z + 150. Calculate n(5).
5
Let n(r) = -2*r**2 - 8*r + 20. Give n(-5).
10
Let h(r) = r**2 + 6*r - 1. Calculate h(-7).
6
Let j(d) = -d - 1. Give j(-4).
3
Let s(l) = 2*l - 12. Give s(10).
8
Let c(j) = j**3 + 5*j**2 - 10*j - 6. Calculate c(-7).
-34
Let d(s) = s**3 - 9*s**2 - 2. Calculate d(5).
-102
Let q(b) = -5*b**2 - 18*b + 14. Calculate q(-4).
6
Let m(o) = -3*o - 16. Give m(4).
-28
Let o(b) = -4*b + 5. Give o(5).
-15
Let o(n) = -5*n**2 + 12*n + 26. Give o(-5).
-159
Let v(j) = j**3 + 3*j**2 - 13*j - 10. Calculate v(-5).
5
Let m(r) = -10*r - 5. Give m(-5).
45
Let y(g) = g - 9. Calculate y(-22).
-31
Let w(y) = -y**3 - 21*y**2 + 44*y - 42. Calculate w(-23).
4
Let n(z) = -3*z**2 - 4*z + 35. Give n(-5).
-20
Let n(o) = -o**3 + 3*o**2 - 3*o + 4. Calculate n(4).
-24
Let r(y) = y**2 + 3*y - 8. Calculate r(4).
20
Let x(a) = -a**2 + 3*a + 1. Give x(5).
-9
Let r(q) = -q**3 + 8*q**2 - 13*q - 7. Calculate r(6).
-13
Let n(f) = 3*f + 40. Give n(-12).
4
Let f(x) = -x**3 + x**2 + x + 29. Calculate f(0).
29
Let w(l) = 3*l**2 - 31*l + 33. What is w(9)?
-3
Let b(i) = -i**2 - 2*i + 9. Give b(3).
-6
Let g(v) = -5*v - 101. What is g(-19)?
-6
Let i(b) = b**3 + 5*b**2 - 8*b - 17. Determine i(-6).
-5
Let j(n) = 25*n - 250. Give j(10).
0
Let j(w) = 6*w - 3. Determine j(-2).
-15
Let b(k) = -k + 12. Calculate b(10).
2
Let c(d) = 70*d - 38. Give c(3).
172
Let i(x) = -2*x**3 + x. What is i(-2)?
14
Let c(u) = u**2 + 23*u + 81. Give c(-20).
21
Let y(l) = -12*l**2 - 2*l - 1. Calculate y(-1).
-11
Let q(p) = -2*p + 23. Give q(19).
-15
Let m(n) = 2*n**2 - 9*n - 12. Determine m(7).
23
Let i(p) = p**2 + 12*p + 43. What is i(-6)?
7
Let d(s) = -s**3 - 22*s**2 + 2*s + 17. What is d(-22)?
-27
Let g(q) = q**3 + 10*q**2 + 2*q - 3. What is g(-10)?
-23
Let h(a) = 16*a - 81. What is h(5)?
-1
Let f(y) = 167*y + 4. Calculate f(1).
171
Let w(d) = 2*d**2 - 18*d + 29. Give w(6).
-7
Let b(y) = 10*y + 29. Calculate b(-5).
-21
Let l(a) = 2*a - 17. Determine l(8).
-1
Let x(l) = l**3 + 7*l**2 - 4*l - 8. Calculate x(-8).
-40
Let l(h) = -3*h**2 + h + 1. What is l(2)?
-9
Let m(i) = -i**3 + 8*i**2 + 14*i - 53. What is m(9)?
-8
Let d(r) = 4*r + 15. Give d(9).
51
Let c(a) = 3*a**2 + 139*a - 86. Calculate c(-47).
8
Let j(d) = -d + 3. Determine j(-5).
8
Let u(w) = 5*w + 20. Determine u(3).
35
Let b(w) = w**3 + 3*w**2 + 2*w + 6. What is b(-4)?
-18
Let p(c) = -3*c**2 - 55*c + 36. Calculate p(-19).
-2
Let z(m) = -105*m + 630. Determine z(6).
0
Let y(g) = g**3 - 18*g**2 + 20*g - 33. Give y(17).
18
Let f(l) = -4*l - 6. Determine f(-5).
14
Let k(y) = y**3 + 14*y**2 - 14*y - 5. Calculate k(-15).
-20
Let t(q) = q**3 - 4*q**2 + q + 6. Determine t(3).
0
Let z(h) = h**2 + 3*h - 11. Calculate z(-8).
29
Let k(v) = 2*v - 16. Give k(10).
4
Let f(t) = -4*t - 223. Give f(-56).
1
Let g(b) = 2*b**2 + 22*b + 37. Give g(-11).
37
Let b(m) = -3*m**3 + 4*m**2 - 2*m. Calculate b(3).
-51
Let v(s) = -7*s + 34. Calculate v(5).
-1
Let c(j) = -j**3 - 8*j**2 + 7*j + 5. What is c(-9)?
23
Let a(t) = -t**2 - 9*t + 1. Calculate a(-9).
1
Let p(a) = -11*a - 53. What is p(-4)?
-9
Let d(o) = o**3 + 10*o**2 + 3*o + 38. Calculate d(-10).
8
Let l(q) = q**3 - 7*q**2 - q + 19. Give l(6).
-23
Let f(g) = g**3 - 11. What is f(0)?
-11
Let v(m) = -m**3 - 5*m**2 + 7*m - 3. Determine v(-6).
-9
Let b(q) = q + 3. Calculate b(-12).
-9
Let a(n) = -n**3 - 4*n**2 - 6*n + 1. Give a(0).
1
Let m(u) = -u**3 + 7*u**2 + 59*u - 14. What is m(12)?
-26
Let m(d) = -d**3 + 16*d**2 + 16*d - 31. Calculate m(17).
-48
Let i(n) = -25*n + 204. What is i(8)?
4
Let w(d) = 4*d - 36. Give w(12).
12
Let i(a) = -a**3 + a**2 + a. Give i(2).
-2
Let p(h) = 12*h + 55. What is p(0)?
55
Let b(d) = d**2 - 13*d - 1. Calculate b(15).
29
Let r(b) = 4*b + 60. What is r(-12)?
12
Let a(k) = 2*k + 17. Give a(-7).
3
Let n(l) = -7*l**2 - 2*l. Calculate n(-1).
-5
Let z(o) = -30*o + 141. Give z(5).
-9
Let c(j) = -j**3 - 5*j**2 + 6*j. Give c(-6).
0
Let q(w) = -9*w + 40. Determine q(5).
-5
Let l(f) = -2*f**3 + 4*f**2 - f + 2. Determine l(2).
0
Let j(w) = 21*w + 154. Determine j(-6).
28
Let g(d) = d**3 + 7*d**2 + 6*d + 13. Determine g(-6).
13
Let x(r) = 3*r - 60. What is x(6)?
-42
Let m(b) = -b**2 - 9*b + 5. What is m(-8)?
13
Let o(x) = 41*x**2 + x + 1. Determine o(-1).
41
Let l(z) = -z**3 + 3*z**2 + 4*z - 4. Give l(2).
8
Let b(k) = -3*k**2 - k + 40. What is b(5)?
-40
Let p(i) = -i + 30. Calculate p(21).
9
Let u(b) = -7*b**2 + 4*b - 2. Give u(2).
-22
Let f(j) = -j - 8. What is f(0)?
-8
Let i(w) = w - 5. Calculate i(2).
-3
Let j(x) = -x**3 - 12*x**2 + 13*x + 16. What is j(-13)?
16
Let z(n) = -n**2 - 15*n - 32. Determine z(-12).
4
Let s(m) = -m**3 - 23*m**2 - 63*m - 18. Calculate s(-20).
42
Let h(i) = -i**2 + 36*i + 55. What is h(36)?
55
Let j(l) = l**2 + 22*l - 7. Give j(-21).
-28
Let s(j) = j**2 - 15*j + 2. Calculate s(15).
2
Let t(j) = 2*j**3 - j**2 - 3*j - 2. Give t(-2).
-16
Let f(x) = x + 1. Determine f(-2).
-1
Let s(z) = -7*z**3 - z**2 + 5*z + 6. Give s(-1).
7
Let a(o) = -o + 38. Determine a(15).
23
Let q(r) = 9*r + 7. What is q(4)?
43
Let x(w) = 32*w + 71. Determine x(-2).
7
Let l(i) = -i**3 - 3*i**2 + 3*i - 9. Calculate l(-4).
-5
Let h(y) = y**3 - 15*y**2 - 13*y + 33. Determine h(15).
-162
Let f(k) = k**3 + k**2 + 5*k + 41. Calculate f(0).
41
Let s(d) = d**3 - 13*d**2 - 13*d - 8. Determine s(14).
6
Let c(j) = j**2 + 7*j. Give c(-5).
-10
Let s(r) = r**3 - 6*r**2 - 6*r + 11. Give s(5).
-44
Let g(o) = -3*o - 41. Determine g(-17).
10
Let v(g) = g**3 - 16*g**2 - 16*g - 17. Give v(17).
0
Let f(m) = -10*m**3 + m**2 - 11*m - 11. What is f(-1)?
11
Let t(y) = y**2 - 18*y + 32. Determine t(15).
-13
Let o(m) = 27*m**3 - 82*m**2 - m + 5. Calculate o(3).
-7
Let d(o) = o**3 + 3*o**2 - 2*o + 5. What is d(-3)?
11
Let x(m) = -m**2 - 7*m + 27. Determine x(3).
-3
Let m(n) = -n**2 - 22*n - 96. Determine m(-16).
0
Let d(f) = -4*f**2 - 6*f - 3. Give d(-2).
-7
Let p(n) = n**3 - 8*n**2 + 5*n - 2. What is p(6)?
-44
Let b(r) = r**2 - 8*r + 7. What is b(6)?
-5
Let j(a) = -4*a - 26. Determine j(-8).
6
Let c(t) = -t**3 + 7*t**2 - t + 29. Determine c(7).
22
Let y(n) = -n + 17. Determine y(13).
4
Let p(h) = -3*h - 22. Give p(-10).
8
Let g(l) = -3*l + 1. Give g(-4).
13
Let r(m) = -6*m + 7. Give r(8).
-41
Let f(u) = 94*u + 169. Determine f(-2).
-19
Let u(d) = d**2 - 12*d + 28. What is u(4)?
-4
Let s(o) = -11*o + 23. Determine s(10).
-87
Let p(f) = -12*f**3 - 2*f**2 + 6*f + 11. Give p(-2).
87
Let f(l) = l + 15. What is f(-7)?
8
Let b(x) = -13*x - 72. Determine b(-5).
-7
Let o(y) = -y**2 + y. What is o(4)?
-12
Let s(p) = -p**2 + 8*p - 21. Give s(7).
-14
Let h(u) = 3*u - 183. What is h(57)?
-12
Let l(o) = -o**2 + 13*o - 9. Give l(15).
-39
Let z(q) = -384*q - 773. Determine z(-2).
-5
Let q(y) = -y**3 - 55*y**2 + 235*y - 59. Determine q(-59).
0
Let d(l) = l**2 - 39*l - 79. Calculate d(40).
-39
Let f(u) = u**2 - 6*u - 6. Calculate f(3).
-15
Let l(v) = 20*v - 117. Give l(6).
3
Let d(k) = 51*k - 309. Calculate d(6).
-3
Let x(z) = -3*z**3 - 9*z**2 + 14*z + 2. Determine x(-4).
-6
Let x(h) = -h**3 + h**2 - 2*h + 1. What is x(0)?
1
Let t(b) = 4*b**2 - 13*b + 14. Determine t(4).
26
Let o(p) = -2*p**2 + 7*p + 3. Determine o(4).
-1
Let t(j) = j**3 - 7*j**2 + 9*j - 12. Calculate t(4).
-24
Let m(h) = 54*h - 2. Give m(1).
52
Let q(l) = -l**3 + 5*l**2 + 2*l - 17. Give q(5).
-7
Let p(g) = 5*g**2 +